{"id":5,"date":"2011-09-22T06:49:10","date_gmt":"2011-09-22T11:49:10","guid":{"rendered":"http:\/\/www.vdc.com.co\/site\/?page_id=5"},"modified":"2023-02-22T03:07:00","modified_gmt":"2023-02-22T08:07:00","slug":"productos","status":"publish","type":"page","link":"https:\/\/www.vdc.com.co\/site\/productos\/","title":{"rendered":"Productos"},"content":{"rendered":"\t\t<div data-elementor-type=\"wp-page\" data-elementor-id=\"5\" class=\"elementor elementor-5\" data-elementor-post-type=\"page\">\n\t\t\t\t\t\t<section class=\"has_eae_slider elementor-section elementor-top-section elementor-element elementor-element-172257b elementor-section-boxed elementor-section-height-default elementor-section-height-default\" data-id=\"172257b\" data-element_type=\"section\">\n\t\t\t\t\t\t<div class=\"elementor-container elementor-column-gap-wide\">\n\t\t\t\t\t<div class=\"has_eae_slider elementor-column elementor-col-33 elementor-top-column elementor-element elementor-element-347f9f4\" data-id=\"347f9f4\" data-element_type=\"column\">\n\t\t\t<div class=\"elementor-widget-wrap elementor-element-populated\">\n\t\t\t\t\t\t<div class=\"elementor-element elementor-element-1dfc60c elementor-widget elementor-widget-heading\" data-id=\"1dfc60c\" data-element_type=\"widget\" data-widget_type=\"heading.default\">\n\t\t\t\t<div class=\"elementor-widget-container\">\n\t\t\t<h4 class=\"elementor-heading-title elementor-size-default\">L\u00ednea SS (Seal Sleeve).<\/h4>\t\t<\/div>\n\t\t\t\t<\/div>\n\t\t\t\t<div class=\"elementor-element elementor-element-2ae32c8 elementor-arrows-position-inside elementor-pagination-position-outside elementor-widget elementor-widget-image-carousel\" data-id=\"2ae32c8\" data-element_type=\"widget\" data-settings=\"{&quot;slides_to_show&quot;:&quot;1&quot;,&quot;navigation&quot;:&quot;both&quot;,&quot;autoplay&quot;:&quot;yes&quot;,&quot;pause_on_hover&quot;:&quot;yes&quot;,&quot;pause_on_interaction&quot;:&quot;yes&quot;,&quot;autoplay_speed&quot;:5000,&quot;infinite&quot;:&quot;yes&quot;,&quot;effect&quot;:&quot;slide&quot;,&quot;speed&quot;:500}\" data-widget_type=\"image-carousel.default\">\n\t\t\t\t<div class=\"elementor-widget-container\">\n\t\t\t\t\t<div class=\"elementor-image-carousel-wrapper swiper\" dir=\"ltr\">\n\t\t\t<div class=\"elementor-image-carousel swiper-wrapper\" aria-live=\"off\">\n\t\t\t\t\t\t\t\t<div class=\"swiper-slide\" role=\"group\" aria-roledescription=\"slide\" aria-label=\"1 de 2\"><a data-elementor-open-lightbox=\"yes\" data-elementor-lightbox-slideshow=\"2ae32c8\" data-e-action-hash=\"#elementor-action%3Aaction%3Dlightbox%26settings%3DeyJpZCI6MjAxNSwidXJsIjoiaHR0cHM6XC9cL3d3dy52ZGMuY29tLmNvXC9zaXRlXC91cGxvYWRzXC92ZGMtcmV0ZW5lZG9yZXMtMDkuanBnIiwic2xpZGVzaG93IjoiMmFlMzJjOCJ9\" href=\"https:\/\/www.vdc.com.co\/site\/uploads\/vdc-retenedores-09.jpg\"><figure class=\"swiper-slide-inner\"><img decoding=\"async\" class=\"swiper-slide-image\" src=\"https:\/\/www.vdc.com.co\/site\/uploads\/elementor\/thumbs\/vdc-retenedores-09-mz5w6aexz2nm9hlovihibmgci1zgoln5sgxid6uels.jpg\" alt=\"vdc-retenedores-09\" \/><\/figure><\/a><\/div><div class=\"swiper-slide\" role=\"group\" aria-roledescription=\"slide\" aria-label=\"2 de 2\"><a data-elementor-open-lightbox=\"yes\" data-elementor-lightbox-slideshow=\"2ae32c8\" data-e-action-hash=\"#elementor-action%3Aaction%3Dlightbox%26settings%3DeyJpZCI6MjAxNCwidXJsIjoiaHR0cHM6XC9cL3d3dy52ZGMuY29tLmNvXC9zaXRlXC91cGxvYWRzXC92ZGMtcmV0ZW5lZG9yZXMtMDgucG5nIiwic2xpZGVzaG93IjoiMmFlMzJjOCJ9\" href=\"https:\/\/www.vdc.com.co\/site\/uploads\/vdc-retenedores-08.png\"><figure class=\"swiper-slide-inner\"><img decoding=\"async\" class=\"swiper-slide-image\" src=\"https:\/\/www.vdc.com.co\/site\/uploads\/elementor\/thumbs\/vdc-retenedores-08-mz5w69h3s8mbxvn2102vr4ovwo43gwjfgca0vwvss0.png\" alt=\"vdc-retenedores-08\" \/><\/figure><\/a><\/div>\t\t\t<\/div>\n\t\t\t\t\t\t\t\t\t\t\t\t<div class=\"elementor-swiper-button elementor-swiper-button-prev\" role=\"button\" tabindex=\"0\">\n\t\t\t\t\t\t<i aria-hidden=\"true\" class=\"eicon-chevron-left\"><\/i>\t\t\t\t\t<\/div>\n\t\t\t\t\t<div class=\"elementor-swiper-button elementor-swiper-button-next\" role=\"button\" tabindex=\"0\">\n\t\t\t\t\t\t<i aria-hidden=\"true\" class=\"eicon-chevron-right\"><\/i>\t\t\t\t\t<\/div>\n\t\t\t\t\n\t\t\t\t\t\t\t\t\t<div class=\"swiper-pagination\"><\/div>\n\t\t\t\t\t\t\t\t\t<\/div>\n\t\t\t\t<\/div>\n\t\t\t\t<\/div>\n\t\t\t\t<div class=\"elementor-element elementor-element-97f1049 elementor-widget elementor-widget-text-editor\" data-id=\"97f1049\" data-element_type=\"widget\" data-widget_type=\"text-editor.default\">\n\t\t\t\t<div class=\"elementor-widget-container\">\n\t\t\t\t\t\t\t<p>Para que los retenedores funcionen eficientemente, la superficie de contacto cobra una gran importancia. Si la superficie se encuentra da\u00f1ada o desgastada, los retenedores no podr\u00e1n cumplir su funci\u00f3n.<\/p><p>Las camisas de sello (SS) han sido desarrolladas para resolver el problema de las superficies de contacto desgastadas. Estas superficies son presionadas sobre la superficie da\u00f1ada, permiti\u00e9ndole al eje ser usado nuevamente y a una fracci\u00f3n del costo de un trabajo tradicional.<\/p>\t\t\t\t\t\t<\/div>\n\t\t\t\t<\/div>\n\t\t\t\t\t<\/div>\n\t\t<\/div>\n\t\t\t\t<div class=\"has_eae_slider elementor-column elementor-col-33 elementor-top-column elementor-element elementor-element-4c37346\" data-id=\"4c37346\" data-element_type=\"column\">\n\t\t\t<div class=\"elementor-widget-wrap elementor-element-populated\">\n\t\t\t\t\t\t<div class=\"elementor-element elementor-element-5bfd141 elementor-widget elementor-widget-heading\" data-id=\"5bfd141\" data-element_type=\"widget\" data-widget_type=\"heading.default\">\n\t\t\t\t<div class=\"elementor-widget-container\">\n\t\t\t<h4 class=\"elementor-heading-title elementor-size-default\">L\u00ednea OBS (Oil Bath Seal).<\/h4>\t\t<\/div>\n\t\t\t\t<\/div>\n\t\t\t\t<div class=\"elementor-element elementor-element-5946fe8 elementor-arrows-position-inside elementor-pagination-position-outside elementor-widget elementor-widget-image-carousel\" data-id=\"5946fe8\" data-element_type=\"widget\" data-settings=\"{&quot;slides_to_show&quot;:&quot;1&quot;,&quot;navigation&quot;:&quot;both&quot;,&quot;autoplay&quot;:&quot;yes&quot;,&quot;pause_on_hover&quot;:&quot;yes&quot;,&quot;pause_on_interaction&quot;:&quot;yes&quot;,&quot;autoplay_speed&quot;:5000,&quot;infinite&quot;:&quot;yes&quot;,&quot;effect&quot;:&quot;slide&quot;,&quot;speed&quot;:500}\" data-widget_type=\"image-carousel.default\">\n\t\t\t\t<div class=\"elementor-widget-container\">\n\t\t\t\t\t<div class=\"elementor-image-carousel-wrapper swiper\" dir=\"ltr\">\n\t\t\t<div class=\"elementor-image-carousel swiper-wrapper\" aria-live=\"off\">\n\t\t\t\t\t\t\t\t<div class=\"swiper-slide\" role=\"group\" aria-roledescription=\"slide\" aria-label=\"1 de 2\"><a data-elementor-open-lightbox=\"yes\" data-elementor-lightbox-slideshow=\"5946fe8\" data-e-action-hash=\"#elementor-action%3Aaction%3Dlightbox%26settings%3DeyJpZCI6MjAxNiwidXJsIjoiaHR0cHM6XC9cL3d3dy52ZGMuY29tLmNvXC9zaXRlXC91cGxvYWRzXC92ZGMtcmV0ZW5lZG9yZXMtMTAucG5nIiwic2xpZGVzaG93IjoiNTk0NmZlOCJ9\" href=\"https:\/\/www.vdc.com.co\/site\/uploads\/vdc-retenedores-10.png\"><figure class=\"swiper-slide-inner\"><img decoding=\"async\" class=\"swiper-slide-image\" src=\"https:\/\/www.vdc.com.co\/site\/uploads\/elementor\/thumbs\/vdc-retenedores-10-mz5w6camcqq6wpiykjarglz9otq73zumgq8hbqrm9c.png\" alt=\"vdc-retenedores-10\" \/><\/figure><\/a><\/div><div class=\"swiper-slide\" role=\"group\" aria-roledescription=\"slide\" aria-label=\"2 de 2\"><a data-elementor-open-lightbox=\"yes\" data-elementor-lightbox-slideshow=\"5946fe8\" data-e-action-hash=\"#elementor-action%3Aaction%3Dlightbox%26settings%3DeyJpZCI6MjAxNywidXJsIjoiaHR0cHM6XC9cL3d3dy52ZGMuY29tLmNvXC9zaXRlXC91cGxvYWRzXC92ZGMtcmV0ZW5lZG9yZXMtMTEucG5nIiwic2xpZGVzaG93IjoiNTk0NmZlOCJ9\" href=\"https:\/\/www.vdc.com.co\/site\/uploads\/vdc-retenedores-11.png\"><figure class=\"swiper-slide-inner\"><img decoding=\"async\" class=\"swiper-slide-image\" src=\"https:\/\/www.vdc.com.co\/site\/uploads\/elementor\/thumbs\/vdc-retenedores-11-mz5w6d8gjkrh8bhlf1pe13qqa7lkboycsuvyt0q834.png\" alt=\"vdc-retenedores-11\" \/><\/figure><\/a><\/div>\t\t\t<\/div>\n\t\t\t\t\t\t\t\t\t\t\t\t<div class=\"elementor-swiper-button elementor-swiper-button-prev\" role=\"button\" tabindex=\"0\">\n\t\t\t\t\t\t<i aria-hidden=\"true\" class=\"eicon-chevron-left\"><\/i>\t\t\t\t\t<\/div>\n\t\t\t\t\t<div class=\"elementor-swiper-button elementor-swiper-button-next\" role=\"button\" tabindex=\"0\">\n\t\t\t\t\t\t<i aria-hidden=\"true\" class=\"eicon-chevron-right\"><\/i>\t\t\t\t\t<\/div>\n\t\t\t\t\n\t\t\t\t\t\t\t\t\t<div class=\"swiper-pagination\"><\/div>\n\t\t\t\t\t\t\t\t\t<\/div>\n\t\t\t\t<\/div>\n\t\t\t\t<\/div>\n\t\t\t\t<div class=\"elementor-element elementor-element-0250546 elementor-widget elementor-widget-text-editor\" data-id=\"0250546\" data-element_type=\"widget\" data-widget_type=\"text-editor.default\">\n\t\t\t\t<div class=\"elementor-widget-container\">\n\t\t\t\t\t\t\t<p>Mientras muchos retenedores se dise\u00f1an para ser instalados en una superficie de rotaci\u00f3n, un retenedor OBS es un retenedor que incorpora una superficie de rotaci\u00f3n en su dise\u00f1o, ensamblada de forma tal que la manipulaci\u00f3n e instalaci\u00f3n se realice como si constara de una sola pieza. Los retenedores OBS incluyen tanto una camisa de desgaste (SS) que sirve como superficie de contacto para el labio de sellamiento primario y una pesta\u00f1a contra la cual sella un labio contra contaminantes.<\/p><p>Conocidos en espa\u00f1ol como Retenedores de Ba\u00f1o en Aceite, se usan com\u00fanmente cuando el eje no presenta un acabado aceptable (por da\u00f1o o mecanizado inapropiado).<\/p>\t\t\t\t\t\t<\/div>\n\t\t\t\t<\/div>\n\t\t\t\t\t<\/div>\n\t\t<\/div>\n\t\t\t\t<div class=\"has_eae_slider elementor-column elementor-col-33 elementor-top-column elementor-element elementor-element-466101f\" data-id=\"466101f\" data-element_type=\"column\">\n\t\t\t<div class=\"elementor-widget-wrap elementor-element-populated\">\n\t\t\t\t\t\t<div class=\"elementor-element elementor-element-a1fcf6b elementor-widget elementor-widget-heading\" data-id=\"a1fcf6b\" data-element_type=\"widget\" data-widget_type=\"heading.default\">\n\t\t\t\t<div class=\"elementor-widget-container\">\n\t\t\t<h4 class=\"elementor-heading-title elementor-size-default\">L\u00ednea Est\u00e1ndar.<\/h4>\t\t<\/div>\n\t\t\t\t<\/div>\n\t\t\t\t<div class=\"elementor-element elementor-element-66a7a3e elementor-arrows-position-inside elementor-pagination-position-outside elementor-widget elementor-widget-image-carousel\" data-id=\"66a7a3e\" data-element_type=\"widget\" data-settings=\"{&quot;slides_to_show&quot;:&quot;1&quot;,&quot;navigation&quot;:&quot;both&quot;,&quot;autoplay&quot;:&quot;yes&quot;,&quot;pause_on_hover&quot;:&quot;yes&quot;,&quot;pause_on_interaction&quot;:&quot;yes&quot;,&quot;autoplay_speed&quot;:5000,&quot;infinite&quot;:&quot;yes&quot;,&quot;effect&quot;:&quot;slide&quot;,&quot;speed&quot;:500}\" data-widget_type=\"image-carousel.default\">\n\t\t\t\t<div class=\"elementor-widget-container\">\n\t\t\t\t\t<div class=\"elementor-image-carousel-wrapper swiper\" dir=\"ltr\">\n\t\t\t<div class=\"elementor-image-carousel swiper-wrapper\" aria-live=\"off\">\n\t\t\t\t\t\t\t\t<div class=\"swiper-slide\" role=\"group\" aria-roledescription=\"slide\" aria-label=\"1 de 2\"><a data-elementor-open-lightbox=\"yes\" data-elementor-lightbox-slideshow=\"66a7a3e\" data-e-action-hash=\"#elementor-action%3Aaction%3Dlightbox%26settings%3DeyJpZCI6MjAxMiwidXJsIjoiaHR0cHM6XC9cL3d3dy52ZGMuY29tLmNvXC9zaXRlXC91cGxvYWRzXC92ZGMtcmV0ZW5lZG9yZXMtMDYuanBnIiwic2xpZGVzaG93IjoiNjZhN2EzZSJ9\" href=\"https:\/\/www.vdc.com.co\/site\/uploads\/vdc-retenedores-06.jpg\"><figure class=\"swiper-slide-inner\"><img decoding=\"async\" class=\"swiper-slide-image\" src=\"https:\/\/www.vdc.com.co\/site\/uploads\/elementor\/thumbs\/vdc-retenedores-06-mz5w67lfekjranpsbz9mm55ypwdd1ibys2z1xcyl4g.jpg\" alt=\"vdc-retenedores-06\" \/><\/figure><\/a><\/div><div class=\"swiper-slide\" role=\"group\" aria-roledescription=\"slide\" aria-label=\"2 de 2\"><a data-elementor-open-lightbox=\"yes\" data-elementor-lightbox-slideshow=\"66a7a3e\" data-e-action-hash=\"#elementor-action%3Aaction%3Dlightbox%26settings%3DeyJpZCI6MjAxMywidXJsIjoiaHR0cHM6XC9cL3d3dy52ZGMuY29tLmNvXC9zaXRlXC91cGxvYWRzXC92ZGMtcmV0ZW5lZG9yZXMtMDcuanBnIiwic2xpZGVzaG93IjoiNjZhN2EzZSJ9\" href=\"https:\/\/www.vdc.com.co\/site\/uploads\/vdc-retenedores-07.jpg\"><figure class=\"swiper-slide-inner\"><img decoding=\"async\" class=\"swiper-slide-image\" src=\"https:\/\/www.vdc.com.co\/site\/uploads\/elementor\/thumbs\/vdc-retenedores-07-mz5w68j9lel1m9of6ho96mxfba8q97fp47mjemx6y8.jpg\" alt=\"vdc-retenedores-07\" \/><\/figure><\/a><\/div>\t\t\t<\/div>\n\t\t\t\t\t\t\t\t\t\t\t\t<div class=\"elementor-swiper-button elementor-swiper-button-prev\" role=\"button\" tabindex=\"0\">\n\t\t\t\t\t\t<i aria-hidden=\"true\" class=\"eicon-chevron-left\"><\/i>\t\t\t\t\t<\/div>\n\t\t\t\t\t<div class=\"elementor-swiper-button elementor-swiper-button-next\" role=\"button\" tabindex=\"0\">\n\t\t\t\t\t\t<i aria-hidden=\"true\" class=\"eicon-chevron-right\"><\/i>\t\t\t\t\t<\/div>\n\t\t\t\t\n\t\t\t\t\t\t\t\t\t<div class=\"swiper-pagination\"><\/div>\n\t\t\t\t\t\t\t\t\t<\/div>\n\t\t\t\t<\/div>\n\t\t\t\t<\/div>\n\t\t\t\t<div class=\"elementor-element elementor-element-2bef542 elementor-widget elementor-widget-text-editor\" data-id=\"2bef542\" data-element_type=\"widget\" data-widget_type=\"text-editor.default\">\n\t\t\t\t<div class=\"elementor-widget-container\">\n\t\t\t\t\t\t\t<p>Estos son dise\u00f1os desarrollados para satisfacer todas las aplicacionesde caja de velocidades, cig\u00fce\u00f1al, rueda, pi\u00f1\u00f3n. Las referencias que hacen parte de esta l\u00ednea van en contacto directo con el eje cuando este no se presenta marcaciones profundas.<\/p>\t\t\t\t\t\t<\/div>\n\t\t\t\t<\/div>\n\t\t\t\t\t<\/div>\n\t\t<\/div>\n\t\t\t\t\t<\/div>\n\t\t<\/section>\n\t\t\t\t<\/div>\n\t\t","protected":false},"excerpt":{"rendered":"<p>L\u00ednea SS (Seal Sleeve). Anterior Siguiente Para que los retenedores funcionen eficientemente, la superficie de contacto cobra una gran importancia. Si la superficie se encuentra da\u00f1ada o desgastada, los retenedores no podr\u00e1n cumplir su funci\u00f3n. Las camisas de sello (SS) han sido desarrolladas para resolver el problema de las superficies de contacto desgastadas. Estas superficies [&hellip;]<\/p>\n","protected":false},"author":1,"featured_media":0,"parent":0,"menu_order":0,"comment_status":"closed","ping_status":"closed","template":"","meta":{"footnotes":""},"class_list":["post-5","page","type-page","status-publish","hentry"],"blocksy_meta":{"styles_descriptor":{"styles":{"desktop":"","tablet":"","mobile":""},"google_fonts":[],"version":6}},"_links":{"self":[{"href":"https:\/\/www.vdc.com.co\/site\/wp-json\/wp\/v2\/pages\/5"}],"collection":[{"href":"https:\/\/www.vdc.com.co\/site\/wp-json\/wp\/v2\/pages"}],"about":[{"href":"https:\/\/www.vdc.com.co\/site\/wp-json\/wp\/v2\/types\/page"}],"author":[{"embeddable":true,"href":"https:\/\/www.vdc.com.co\/site\/wp-json\/wp\/v2\/users\/1"}],"replies":[{"embeddable":true,"href":"https:\/\/www.vdc.com.co\/site\/wp-json\/wp\/v2\/comments?post=5"}],"version-history":[{"count":0,"href":"https:\/\/www.vdc.com.co\/site\/wp-json\/wp\/v2\/pages\/5\/revisions"}],"wp:attachment":[{"href":"https:\/\/www.vdc.com.co\/site\/wp-json\/wp\/v2\/media?parent=5"}],"curies":[{"name":"wp","href":"https:\/\/api.w.org\/{rel}","templated":true}]}}